16)?
-17
3 + -6 - 3 - (-50 + 21 + -15)
38
What is 65 - (100 - -20) - 4?
-59
Calculate 118 + -133 + (4 - 2) + -7.
-20
What is the value of 0 - 6 - (3 - (-15 + 26))?
2
What is the value of (-11 + 15 - 15) + 2 + -14?
-23
Calculate -1 + -10 + (0 - -66) + 179 + -174 + 5.
65
What is 12 - (-1 + -70 + (3 + -18 - -16)) - 13?
69
Evaluate -58 - 0 - (-245 + -38 + 270).
-45
What is the value of (-52 - 0) + 167 - 60?
55
What is the value of 60 + -161 + 47 - -89?
35
Calculate 30463 + -30422 + -109 + 1.
-67
Calculate -128 + (1 - -29) + (92 - 4 - 111).
-121
What is the value of 48 - (90 + -7 + -108)?
73
56 + -52 + (-1 - -40)
43
What is the value of (-1820 - -1881) + (0 + -25 - 0)?
36
What is 10 + -18 - ((0 - (-6 - -11)) + 43 + -2)?
-44
(-83 + 24 - -5) + 2 + -2
-54
Evaluate 25 + (69 - 21 - (14 + 0)).
59
2 + (19 - 2) - (18 - (-7 + 14 - -7))
15
What is 38 - (80 + -28 + -60)?
46
What is 51 - -44 - 39 - 80?
-24
What is -41 + 10 + 11 + (-11 + -7 - (-6 + -2))?
-30
(-98 - -20) + 139 - (3 + -4)
62
Calculate -1351 - -1261 - (-3 - 25).
-62
56 + (-92 - -47 - 53)
-42
-24 + -1 + 46 + 16
37
What is the value of (-11 - 1 - 7) + (7 - (-45 - 1))?
34
What is 68 - (-35 + -19) - 101?
21
Calculate -364 + 367 + 0 + -65 + (0 - -3).
-59
What is -439 - -332 - (11 + 0 + -48)?
-70
What is (-13 - -2 - 11) + -3 + 23?
-2
Evaluate 130 + (-82 - 44) - 0.
4
What is 689 + -776 - (-100 - 2)?
15
Calculate -28 + (-14 - -4) + -21 + 3.
-56
Evaluate 1 + 19 + 29 + 73 + -94.
28
What is -578 + 597 + 1 + -66?
-46
What is the value of -41 + (56 - (-6 - -35))?
-14
Calculate 67 + -79 + 97 - 163.
-78
What is the value of 99 + -318 - -60 - -86?
-73
What is -10 - -2 - (-17 - (14 - 25)) - (-4 + 44)?
-42
What is the value of -4 + -4 + (-8 + 15 - 7) + 11?
3
Evaluate -10 - (((7 - -4) + -4 + 19 - 8) + 8).
-36
Evaluate (39 - 3 - 3 - 32) + 27.
28
Evaluate 28 - 4 - 12 - (-211 + 199).
24
What is 3 + 36 + (-250 + 133 - -148)?
70
What is the value of 2 + 6 + (-12 + -2 - -9 - 8)?
-5
What is -29 + 40 - (-1 + 5) - -8?
15
Evaluate -22 + (15 - (12 + -33)).
14
Evaluate 2 + 48 - (4 + (-5 - (-15 + -4))).
32
Evaluate -42 + -6 + 46 + (1 - 1 - 5).
-7
Calculate 35 - (140 - (-44 - -90)).
-59
What is 10 + -8 + (-9 + 7 - 1) + (32 - -7)?
38
Calculate (-105 + 95 + 2 + 22 - 31) + -36.
-53
(-48 - (-20 - 36)) + -1
7
What is -1272 + 1247 - (-73 + -5)?
53
What is the value of -7 + (-9 - -24 - -3) + -72 + 43?
-18
What is 7 + 4 + (1 - 14) + (359 - 256) + -16?
85
Calculate 4 + 99 - (76 - 145 - -79).
93
What is the value of 24 + (1 - -7 - (45 + -33))?
20
Calculate 5303 + -5448 + -2 + 64.
-83
What is (-26 - (-27 + 13) - -30) + (-46 - -2)?
-26
What is 29 - (32 - (-32 + 112)) - 27?
50
Evaluate 36 + -45 + (1 - 18) - (-31 - -20).
-15
-32 + 54 - 36 - (-67 - 7)
60
Evaluate -25 - (-3 + -5 + -148 + 129) - 35.
-33
Evaluate 42 - ((-4 - 1) + 201 + -160).
6
What is the value of (2 - 10 - -26) + 12?
30
Evaluate -49 - (-61 - -10 - 27).
29
What is the value of -24 - ((5 - -13) + 23)?
-65
What is the value of -2420 - -2391 - (-1 + -9)?
-19
What is 58 - (36 + 3) - -36?
55
Evaluate -2 - ((-55 - -54) + (1 - -2 - -55)).
-59
Evaluate (5 - 5) + 20 + 8 + -14 - -1.
15
What is -23 - (30 - 111 - (3 - 27))?
34
What is the value of -2 - (-51 + -1 + 16)?
34
Calculate -23 + (119 + -123 - (-2 + -13)) + 36.
24
Evaluate -67 + 20 + 55 + (-109 - 1) + (-7 - -2).
-107
Evaluate 6 - (-2 + 1 - (-1 + 3) - (1213 + -1312)).
-90
What is (768 - 763) + (-1 - 0 - (-47 - 5)) + -2?
54
94 + 22 + -116 - 2
-2
What is (-34 - -21) + -9 + (-71 - -4) + 2?
-87
5 + (-11 - (-4 - -1)) + 40 - -5
42
What is -128 + 127 - (5 - (5 + 0))?
-1
What is the value of 0 + -22 + -1174 + 1197 + 10?
11
What is 21 + -49 + 33 - (46 + -4 + -2)?
-35
Calculate -12 - (10 + (-28 - -5) - -10).
-9
(-5 - -11 - -61) + (-4 - (9 - (-7 - -18)))
65
What is -84 - 2 - (7 + -6) - (49 + -43 + -9)?
-84
What is 128 + (-198 - (-147 + 62))?
15
-20 - (-74 - -58) - (56 - (0 - 5 - -2))
-63
Calculate 11 - (7 - 10 - (5 + -10 + 10 - -1)).
20
-29 - (-37 + -17) - (-4 - -2 - -55)
-28
Evaluate (4 - (11 + -12) - 0) + -39 + 39.
5
Calculate 0 - 1 - 3 - ((-207 - -122) + 12).
69
What is the value of 126 + 11 + -27 + 35 - (-14 + -3 + 11)?
151
-40 + 7 - (530 - 549)
-14
What is the value of (-268 - -251) + 69 - (0 - 15)?
67
What is the value of (-118 - -204) + (-99 - 60)?
-73
What is the value of -25 - 3 - (-185 - -168) - -45?
34
-107 - (6 - (21 - 35) - 36)
-91
Evaluate -7 - 3 - -38 - (-9 + (-2 - 0) - -5).
34
What is 1 + 28 - (-399 - -495) - 15?
-82
What is 19226 + -19200 - (-1 - -1 - 7)?
33
Calculate (-463 - -450) + 2 + -28 + (4 - 3).
-38
What is the value of (-116 - (24 - 134)) + (1 - -1)?
-4
17 + (43 - 178) + 87
-31
What is the value of 115 + -57 + 21 - 144?
-65
0 + -12 + 8 + -14 + 11 + 18 + -9
2
What is 2 + -23 + (-4 - 2) + -73 + (-2 - -70)?
-32
What is (-19 - -15) + (0 - 30) - (-122 - -112) - 3?
-27
(-45 - ((-4 - 20) + -11)) + -61
-71
-31 + 13 + 9 + 39 - (3 - -9)
18
Evaluate -2 + 1 - (-4 - (-8 - -5) - 50).
50
Evaluate (14 - 2 - (111 + -115)) + -21 - 62.
-67
Calculate -83 - -161 - 85 - 48.
-55
Calculate 8 + 12 + (-2 - 0) + -1838 + 1769.
-51
Calculate (20 - 9) + -14 + 49 + -95.
-49
What is -26 + 51 + (206 - 158)?
73
Evaluate (-12 - (15 - 17)) + (-88 - (-7 + 2) - 3).
-96
What is the value of 242 - (-213 - -363) - (0 + 16 - 2)?
78
Evaluate 10 + (-26 - (-16 - -8) - -10).
2
Evaluate -61 - (-2 - (((-37 - -5) + 12 - -9) + 3)).
-67
What is 2 - (-1 - -107) - (-9 - 210 - -197)?
-82
Evaluate 74 + -68 + (217 - 206).
17
Calculate -9 + (-14 - -13 - 1) + -2 + -22.
-35
Calculate (83 - 144) + 37 + -48.
-72
What is the value of -13 + (28 + -16 + -69 - 41)?
-111
60 - (30 + (-28 - 6))
64
What is the value of -3 + 20 - -13 - (-5 - -2)?
33
What is the value of -101 + 23 + (167 - 8)?
81
What is the value of (21 - (1 + -9)) + (-1 - (11 - -1))?
16
Evaluate -6 + (-7 - ((-19 - 1) + (-41 - -41))).
7
Calculate (-296 - -298) + (-6 - (1 + (-2 - 3))).
0
Calculate (146 - (129 - -42)) + (-2 - -7 - 0).
-20
71 + (-297 + 290 - (6 - 2 - (-2 - -11)))
69
-12 - (-11 + (23 - (-16 + 10 - 6)))
-36
-15 + (-5 + -5 + 27 - 24)
-22
What is 109 + (98 - 36) + -133?
38
What is (2 - 1) + 10 - 28?
-17
Calculate -31 - -4 - 78 - (-49 + 21).
-77
Calculate (-21 - (-8 + -10 - -3)) + 1.
-5
What is the value of -2 + (-41 + 13 + -8 - -19)?
-19
Calculate (-56 - (-12 + 7 + 2)) + (-1 - (-13 + 6)).
-47
(18 - (20 - 1)) + 4 + (-1 - (-2 - -1))
3
Calculate (1049 - 1041) + (-2 - 0) + (4 + -46 - -5).
-31
Calculate 22 + -40 + (-6 + 21 + -12 - 4).
-19
What is 9 - -18 - (23 - -9)?
-5
What is (43 - ((-1 - 10) + -39 + 55)) + -16?
22
(51 - (4 + -1 - 8)) + -7 + -8
41
Evaluate -48 + (-9 - -18) - -2 - (-13 - (11 + -14)).
-27
What is -3 + 2 + -7 + 54 + (12 - 36)?
22
What is the value of (-96 - -77) + (-3 - -54 - -5)?
37
Evaluate (-15 - -2) + (18 - (23 - 17)) - (-44 + 1).
42
Calculate -1 + 7 + (-8 - 9) + 7 + (43 - 10).
29
29 + -36 + -9 + (1 - -7) + -4 + 7
-5
Evaluate (-1 - (-1 + -10)) + 1 + (43 + -111 - 27).
-84
What is the value of (3 - 16 - -3) + -318 + 336?
8
What is -19 - (13618 - 13634 - (2 + -1 + 5))?
3
Evaluate ((16 - -22) + -62 - (9 + -1)) + 10.
-22
Evaluate -34 + -282 + 144 + 124.
-48
What is the value of 2 - (-3 - -52) - (-22 - (20 - (28 + 5)))?
-38
(-19 + -64 - -33) + 36
-14
What is the value of 968 + -1018 - ((2 - 2) + -5) - 18?
-63
Calculate 47 - (-42 - -72) - 22 - (-2 - 10).
7
What is 4 + (-33 - (-8 - -10))?
-31
Evaluate (1 + 3 + -2 - 25) + 602 + -605.
-26
Calculate -18 + 13 - (3 + 57 - 16).
-49
What is the value of -5 + (4 - 2) + (6 - -4) - -39?
46
Calculate -17 - ((62 - 95) + 17 - (0 + 78)).
77
Evaluate 29 + -80 + (-3 - 0) + 18.
-36
Evaluate -139 - (-7 - (-8 + 36) - (45 + -58)).
-117
Evaluate (-12 - -2) + (-292 - -297) + (0 - 3).
-8
Evaluate 56 - 1 - (-45 - -63 - (38 - 2) - -20).
53
Calculate 59 - (30 + -7 + -32 - (-3 - 0)).
65
What is the value of 19 - ((20 - 9) + -4 + -4 + -2)?
18
What is 0 + (61 - -1) - (11 - 57 - -59)?
49
-14 - (14 + -50 + 29 + -14)
7
What is (10 - 2) + -115 + 0 + (5787 - 5785)?
-105
What is the value of 12 + (3 + (2 - 1) - (699 - 729))?
46
What is 201 - 211 - (8 + 1) - -60?
41
What is the value of -19 + -48 + 98 - (-2 - (3 + (2 - 2)))?
36
-3 + (-7 - (7 - 11)) + 6 + 9
9
What is the value of 31 + (-24 - (-14 + 3)) + (72 - 216)?
-126
Calculate 2 + (0 + (-15 - 0) - (58 + 8)).
-79
Evaluate 43 + (-69 - 